                                                                                                                                                                                                                                                                                                                                                                                                         {"id":8,"date":"2021-01-27T14:47:31","date_gmt":"2021-01-27T17:47:31","guid":{"rendered":"http:\/\/influenciacomunicacao.com.br\/?page_id=8"},"modified":"2021-07-07T11:25:51","modified_gmt":"2021-07-07T14:25:51","slug":"home","status":"publish","type":"page","link":"http:\/\/influenciacomunicacao.com.br\/","title":{"rendered":"Home"},"content":{"rendered":"\t\t<div data-elementor-type=\"wp-page\" data-elementor-id=\"8\" class=\"elementor elementor-8\" data-elementor-settings=\"[]\">\n\t\t\t\t\t\t<div class=\"elementor-inner\">\n\t\t\t\t\t\t\t<div class=\"elementor-section-wrap\">\n\t\t\t\t\t\t\t<section data-ma-el-particle=\"{\n                                  &quot;particles&quot;: {\n                                    &quot;number&quot;: {\n                                      &quot;value&quot;: 80,\n                                      &quot;density&quot;: {\n                                        &quot;enable&quot;: true,\n                                        &quot;value_area&quot;: 800\n                                      }\n                                    },\n                                    &quot;color&quot;: {\n                                      &quot;value&quot;: &quot;#ffffff&quot;\n                                    },\n                                    &quot;shape&quot;: {\n                                      &quot;type&quot;: &quot;circle&quot;,\n                                      &quot;stroke&quot;: {\n                                        &quot;width&quot;: 0,\n                                        &quot;color&quot;: &quot;#000000&quot;\n                                      },\n                                      &quot;polygon&quot;: {\n                                        &quot;nb_sides&quot;: 5\n                                      },\n                                      &quot;image&quot;: {\n                                        &quot;src&quot;: &quot;img\/github.svg&quot;,\n                                        &quot;width&quot;: 100,\n                                        &quot;height&quot;: 100\n                                      }\n                                    },\n                                    &quot;opacity&quot;: {\n                                      &quot;value&quot;: 0.5,\n                                      &quot;random&quot;: false,\n                                      &quot;anim&quot;: {\n                                        &quot;enable&quot;: false,\n                                        &quot;speed&quot;: 1,\n                                        &quot;opacity_min&quot;: 0.1,\n                                        &quot;sync&quot;: false\n                                      }\n                                    },\n                                    &quot;size&quot;: {\n                                      &quot;value&quot;: 3,\n                                      &quot;random&quot;: true,\n                                      &quot;anim&quot;: {\n                                        &quot;enable&quot;: false,\n                                        &quot;speed&quot;: 40,\n                                        &quot;size_min&quot;: 0.1,\n                                        &quot;sync&quot;: false\n                                      }\n                                    },\n                                    &quot;line_linked&quot;: {\n                                      &quot;enable&quot;: true,\n                                      &quot;distance&quot;: 150,\n                                      &quot;color&quot;: &quot;#ffffff&quot;,\n                                      &quot;opacity&quot;: 0.4,\n                                      &quot;width&quot;: 1\n                                    },\n                                    &quot;move&quot;: {\n                                      &quot;enable&quot;: true,\n                                      &quot;speed&quot;: 6,\n                                      &quot;direction&quot;: &quot;none&quot;,\n                                      &quot;random&quot;: false,\n                                      &quot;straight&quot;: false,\n                                      &quot;out_mode&quot;: &quot;out&quot;,\n                                      &quot;bounce&quot;: false,\n                                      &quot;attract&quot;: {\n                                        &quot;enable&quot;: false,\n                                        &quot;rotateX&quot;: 600,\n                                        &quot;rotateY&quot;: 1200\n                                      }\n                                    }\n                                  },\n                                  &quot;interactivity&quot;: {\n                                    &quot;detect_on&quot;: &quot;canvas&quot;,\n                                    &quot;events&quot;: {\n                                      &quot;onhover&quot;: {\n                                        &quot;enable&quot;: true,\n                                        &quot;mode&quot;: &quot;repulse&quot;\n                                      },\n                                      &quot;onclick&quot;: {\n                                        &quot;enable&quot;: true,\n                                        &quot;mode&quot;: &quot;push&quot;\n                                      },\n                                      &quot;resize&quot;: true\n                                    },\n                                    &quot;modes&quot;: {\n                                      &quot;grab&quot;: {\n                                        &quot;distance&quot;: 400,\n                                        &quot;line_linked&quot;: {\n                                          &quot;opacity&quot;: 1\n                                        }\n                                      },\n                                      &quot;bubble&quot;: {\n                                        &quot;distance&quot;: 400,\n                                        &quot;size&quot;: 40,\n                                        &quot;duration&quot;: 2,\n                                        &quot;opacity&quot;: 8,\n                                        &quot;speed&quot;: 3\n                                      },\n                                      &quot;repulse&quot;: {\n                                        &quot;distance&quot;: 200,\n                                        &quot;duration&quot;: 0.4\n                                      },\n                                      &quot;push&quot;: {\n                                        &quot;particles_nb&quot;: 4\n                                      },\n                                      &quot;remove&quot;: {\n                                        &quot;particles_nb&quot;: 2\n                                      }\n                                    }\n                                  },\n                                  &quot;retina_detect&quot;: true\n                                }\" class=\"has_ma_el_bg_slider elementor-section elementor-top-section elementor-element elementor-element-09db674 ma-el-particle-yes elementor-section-boxed elementor-section-height-default elementor-section-height-default\" data-id=\"09db674\" data-element_type=\"section\" data-settings=\"{&quot;background_background&quot;:&quot;slideshow&quot;,&quot;background_slideshow_gallery&quot;:[{&quot;id&quot;:91,&quot;url&quot;:&quot;http:\\\/\\\/influenciacomunicacao.com.br\\\/wp-content\\\/uploads\\\/2021\\\/02\\\/01.jpg&quot;},{&quot;id&quot;:92,&quot;url&quot;:&quot;http:\\\/\\\/influenciacomunicacao.com.br\\\/wp-content\\\/uploads\\\/2021\\\/02\\\/02.jpg&quot;},{&quot;id&quot;:93,&quot;url&quot;:&quot;http:\\\/\\\/influenciacomunicacao.com.br\\\/wp-content\\\/uploads\\\/2021\\\/02\\\/03.jpg&quot;},{&quot;id&quot;:94,&quot;url&quot;:&quot;http:\\\/\\\/influenciacomunicacao.com.br\\\/wp-content\\\/uploads\\\/2021\\\/02\\\/04.jpg&quot;},{&quot;id&quot;:95,&quot;url&quot;:&quot;http:\\\/\\\/influenciacomunicacao.com.br\\\/wp-content\\\/uploads\\\/2021\\\/02\\\/05.jpg&quot;},{&quot;id&quot;:96,&quot;url&quot;:&quot;http:\\\/\\\/influenciacomunicacao.com.br\\\/wp-content\\\/uploads\\\/2021\\\/02\\\/06.jpg&quot;},{&quot;id&quot;:97,&quot;url&quot;:&quot;http:\\\/\\\/influenciacomunicacao.com.br\\\/wp-content\\\/uploads\\\/2021\\\/02\\\/07.jpg&quot;},{&quot;id&quot;:98,&quot;url&quot;:&quot;http:\\\/\\\/influenciacomunicacao.com.br\\\/wp-content\\\/uploads\\\/2021\\\/02\\\/08.jpg&quot;},{&quot;id&quot;:99,&quot;url&quot;:&quot;http:\\\/\\\/influenciacomunicacao.com.br\\\/wp-content\\\/uploads\\\/2021\\\/02\\\/09.jpg&quot;}],&quot;background_slideshow_loop&quot;:&quot;yes&quot;,&quot;background_slideshow_slide_duration&quot;:5000,&quot;background_slideshow_slide_transition&quot;:&quot;fade&quot;,&quot;background_slideshow_transition_duration&quot;:500,&quot;ma_el_particle_area_zindex&quot;:0}\">\n\t\t\t\t\t\t<div class=\"elementor-container elementor-column-gap-default\">\n\t\t\t\t\t\t\t<div class=\"elementor-row\">\n\t\t\t\t\t<div class=\"has_ma_el_bg_slider elementor-column elementor-col-100 elementor-top-column elementor-element elementor-element-15be80f\" data-id=\"15be80f\" data-element_type=\"column\" data-settings=\"{&quot;background_background&quot;:&quot;classic&quot;}\">\n\t\t\t<div class=\"elementor-column-wrap elementor-element-populated\">\n\t\t\t\t\t\t\t<div class=\"elementor-widget-wrap\">\n\t\t\t\t\t\t<div class=\"elementor-element elementor-element-c469ee6 elementor-widget elementor-widget-heading\" data-id=\"c469ee6\" data-element_type=\"widget\" data-widget_type=\"heading.default\">\n\t\t\t\t<div class=\"elementor-widget-container\">\n\t\t\t<h2 class=\"elementor-heading-title elementor-size-default\"><b>Site em constru\u00e7\u00e3o<\/b><\/h2>\t\t<\/div>\n\t\t\t\t<\/div>\n\t\t\t\t<div class=\"elementor-element elementor-element-f5683f8 elementor-widget elementor-widget-text-editor\" data-id=\"f5683f8\" data-element_type=\"widget\" data-widget_type=\"text-editor.default\">\n\t\t\t\t<div class=\"elementor-widget-container\">\n\t\t\t\t\t<div class=\"elementor-text-editor elementor-clearfix\"><p>Relaxa&#8230; Tome um caf\u00e9zinho e volte em breve que estaremos bonit\u00f5es.<\/p><\/div>\n\t\t\t\t<\/div>\n\t\t\t\t<\/div>\n\t\t\t\t<div class=\"elementor-element elementor-element-79c38f0 elementor-invisible elementor-widget elementor-widget-image\" data-id=\"79c38f0\" data-element_type=\"widget\" data-settings=\"{&quot;_animation&quot;:&quot;tada&quot;}\" data-widget_type=\"image.default\">\n\t\t\t\t<div class=\"elementor-widget-container\">\n\t\t\t\t\t<div class=\"elementor-image\">\n\t\t\t\t\t\t\t\t\t\t<img width=\"500\" height=\"500\" src=\"http:\/\/influenciacomunicacao.com.br\/wp-content\/uploads\/2021\/02\/in-logo-vector-contraida-branco-azul-1.png\" class=\"attachment-large size-large\" alt=\"\" loading=\"lazy\" srcset=\"http:\/\/influenciacomunicacao.com.br\/wp-content\/uploads\/2021\/02\/in-logo-vector-contraida-branco-azul-1.png 500w, http:\/\/influenciacomunicacao.com.br\/wp-content\/uploads\/2021\/02\/in-logo-vector-contraida-branco-azul-1-300x300.png 300w, http:\/\/influenciacomunicacao.com.br\/wp-content\/uploads\/2021\/02\/in-logo-vector-contraida-branco-azul-1-150x150.png 150w\" sizes=\"(max-width: 500px) 100vw, 500px\" style=\"width:100%;height:100%;max-width:500px;\" \/>\t\t\t\t\t\t\t\t\t\t\t<\/div>\n\t\t\t\t<\/div>\n\t\t\t\t<\/div>\n\t\t\t\t\t\t<\/div>\n\t\t\t\t\t<\/div>\n\t\t<\/div>\n\t\t\t\t\t\t\t\t<\/div>\n\t\t\t\t\t<\/div>\n\t\t<\/section>\n\t\t              <style>\n                .elementor-element-09db674 .ma-el-particle-wrapper > canvas {\n                  z-index: 0;\n                  position: absolute;\n                  top: 0;\n                }\n              <\/style>\n              \t\t\t\t<\/div>\n\t\t\t\t\t\t<\/div>\n\t\t\t\t\t<\/div>\n\t\t","protected":false},"excerpt":{"rendered":"<p>Site em constru\u00e7\u00e3o Relaxa&#8230; Tome um caf\u00e9zinho e volte em breve que estaremos bonit\u00f5es.<\/p>\n","protected":false},"author":1,"featured_media":0,"parent":0,"menu_order":0,"comment_status":"closed","ping_status":"closed","template":"elementor_canvas","meta":[],"_links":{"self":[{"href":"http:\/\/influenciacomunicacao.com.br\/index.php\/wp-json\/wp\/v2\/pages\/8"}],"collection":[{"href":"http:\/\/influenciacomunicacao.com.br\/index.php\/wp-json\/wp\/v2\/pages"}],"about":[{"href":"http:\/\/influenciacomunicacao.com.br\/index.php\/wp-json\/wp\/v2\/types\/page"}],"author":[{"embeddable":true,"href":"http:\/\/influenciacomunicacao.com.br\/index.php\/wp-json\/wp\/v2\/users\/1"}],"replies":[{"embeddable":true,"href":"http:\/\/influenciacomunicacao.com.br\/index.php\/wp-json\/wp\/v2\/comments?post=8"}],"version-history":[{"count":70,"href":"http:\/\/influenciacomunicacao.com.br\/index.php\/wp-json\/wp\/v2\/pages\/8\/revisions"}],"predecessor-version":[{"id":202,"href":"http:\/\/influenciacomunicacao.com.br\/index.php\/wp-json\/wp\/v2\/pages\/8\/revisions\/202"}],"wp:attachment":[{"href":"http:\/\/influenciacomunicacao.com.br\/index.php\/wp-json\/wp\/v2\/media?parent=8"}],"curies":[{"name":"wp","href":"https:\/\/api.w.org\/{rel}","templated":true}]}}